{"id":720,"date":"2010-09-02T05:44:00","date_gmt":"2010-09-02T05:44:00","guid":{"rendered":"http:\/\/cesumakslasskola.lv\/"},"modified":"2025-04-23T08:04:14","modified_gmt":"2025-04-23T08:04:14","slug":"uznemsanas-noteikumi","status":"publish","type":"page","link":"https:\/\/cesumakslasskola.lv\/?page_id=720","title":{"rendered":"Uz\u0146em\u0161anas noteikumi"},"content":{"rendered":"<div>\n<div><b>LAI PIETEIKTOS M\u0100C\u012aBU PROGRAMM\u0100M M\u0100KSLAS SKOL\u0100\u00a02025.\/ 2026.m.g.:<\/b><\/div>\n<div>B\u0113rna likumiskais p\u0101rst\u0101vis elektroniski aizpilda iesniegumu\u00a0 <a href=\"https:\/\/epakalpojumi.cesis.lv\/\" target=\"_blank\" rel=\"noopener noreferrer\" data-saferedirecturl=\"https:\/\/www.google.com\/url?q=https:\/\/epakalpojumi.cesis.lv\/&amp;source=gmail&amp;ust=1745481733599000&amp;usg=AOvVaw1gRm5U9gZ7pFcBmbhg5qnq\">https:\/\/epakalpojumi.cesis.lv\/<\/a><\/div>\n<div>\u00a0<\/div>\n<div><b>12.05.- 09.06. jauno audz\u0113k\u0146u elektronisk\u0101 pieteik\u0161an\u0101s pavasar\u012b\u00a0<\/b><\/div>\n<div>09.06. Diagnostic\u0113jo\u0161ais darbs.<\/div>\n<div>10.06. Diagnostic\u0113jo\u0161o darbu rezult\u0101ti, audz\u0113k\u0146u uz\u0146em\u0161anas skol\u0101.<\/div>\n<div>\u00a0 \u00a0 \u00a0 \u00a0 \u00a0 \u00a020V 7 gadu programm\u0101s uz\u0146em audz\u0113k\u0146us no 9 \/10 gadiem;<\/div>\n<div>\u00a0 \u00a0 \u00a0 \u00a0 \u00a0 \u00a030V 3 gadu programm\u0101s uz\u0146em no 15 \/16- 30 gadiem (ja jaunietis m\u0101c\u0101s k\u0101d\u0101 no izgl\u012bt\u012bbas iest\u0101d\u0113m);<\/div>\n<div>\u00a0<\/div>\n<div><b>25.07.- 25.08. jauno audz\u0113k\u0146u elektronisk\u0101 pieteik\u0161an\u0101s ruden\u012b<\/b><\/div>\n<\/div>\n<div>25.08. Diagnostic\u0113jo\u0161ais darbs.<\/div>\n<div>26.08. Diagnostic\u0113jo\u0161o darbu rezult\u0101ti, audz\u0113k\u0146u uz\u0146em\u0161ana skol\u0101.<\/div>\n<div>\u00a0 \u00a0 \u00a0 \u00a0 \u00a0 \u00a020V 7 gadu programm\u0101s uz\u0146em audz\u0113k\u0146us no 9 \/10 gadiem;<\/div>\n<div>\u00a0 \u00a0 \u00a0 \u00a0 \u00a0 \u00a030V 3 gadu programm\u0101s uz\u0146em no 15 \/16- 30 gadiem;<\/div>\n<div>\u00a0<\/div>\n<div><b>Uz papildus viet\u0101m<\/b>\u00a0<b>m\u0101kslas skolas programm\u0101<\/b> 20V 2. klas\u0113 (10 \/11 gadi) un 20V 3. klas\u0113 (11 \/12 gadi), kuri m\u0101c\u0101s visp\u0101rizgl\u012btojo\u0161\u0101 skol\u0101 3. un 4. klas\u0113, bet kuriem nav priek\u0161zin\u0101\u0161anu m\u0101kslas izgl\u012bt\u012bb\u0101, izgl\u012bt\u012bbas standarts nosaka, ka 1. klas\u0113 tie neb\u016btu j\u0101uz\u0146em. Audz\u0113k\u0146us ir iesp\u0113jams uz\u0146em izv\u0113rt\u0113jot p\u0113c diagnostic\u0113jo\u0161o darbu rezult\u0101tiem. Uz\u0146em\u0161anas proced\u016br\u0101 normat\u012bvais regul\u0113jums par uz\u0146em\u0161anu v\u0113l\u0101k\u0101 posm\u0101 (Ministru kabineta 2023. gada 21. febru\u0101ra noteikumi Nr.70 &#8220;Noteikumi par personas kompetences atz\u012b\u0161anu uz\u0146em\u0161anai profesion\u0101l\u0101s izgl\u012bt\u012bbas programmas v\u0113l\u0101kos m\u0101c\u012bbu posmos&#8221;.<\/div>\n<div>\u00a0<\/div>\n<div><b>Sagatavo\u0161anas programm\u0101 uz\u0146em no 7\/8 gadiem.<\/b><\/div>\n<div>12.05.- 09.06.\/ un 25.07.- 25.08.<b>\u00a0<\/b>jauno audz\u0113k\u0146u elektronisk\u0101 pieteik\u0161an\u0101s.\u00a0<\/div>\n<div><b>Sagatavo\u0161anas grupas audz\u0113k\u0146iem nav j\u0101k\u0101rto diagnostic\u0113jo\u0161ais darbs.\u00a0<\/b><\/div>\n<div>Audz\u0113knis sekm\u012bgi apg\u016bstot 1 gada sagatavo\u0161anas programmu, sasniedzot 9 gadu vecumu, tiek uz\u0146emts 20V programmas 1. vai 2. klas\u0113 izv\u0113rt\u0113jot skol\u0113na m\u0101c\u012bbu sasniegumus.<\/div>\n<div><b>\u00a0<\/b><\/div>\n<div><b>P.S.<\/b><\/div>\n<div><b>Veicot rado\u0161o \/ diagnostic\u0113jo\u0161o darbu, ir nepiecie\u0161ams pa\u0146emt l\u012bdzi kr\u0101sainos z\u012bmu\u013cus, parasto z\u012bmuli, dz\u0113\u0161amo gumiju.<\/b><\/div>\n<div><b>Ar pap\u012bru skola nodro\u0161ina.<\/b><\/div>\n","protected":false},"excerpt":{"rendered":"<p>LAI PIETEIKTOS M\u0100C\u012aBU PROGRAMM\u0100M M\u0100KSLAS SKOL\u0100\u00a02025.\/ 2026.m.g.: B\u0113rna likumiskais p\u0101rst\u0101vis elektroniski aizpilda iesniegumu\u00a0 https:\/\/epakalpojumi.cesis.lv\/ \u00a0 12.05.- 09.06. jauno audz\u0113k\u0146u elektronisk\u0101 pieteik\u0161an\u0101s pavasar\u012b\u00a0 09.06. Diagnostic\u0113jo\u0161ais darbs. 10.06. Diagnostic\u0113jo\u0161o darbu rezult\u0101ti, audz\u0113k\u0146u uz\u0146em\u0161anas skol\u0101. \u00a0 \u00a0 \u00a0 \u00a0 \u00a0 \u00a020V 7 gadu programm\u0101s uz\u0146em audz\u0113k\u0146us no 9 \/10 gadiem; \u00a0 \u00a0 \u00a0 \u00a0 \u00a0 \u00a030V 3 gadu [&hellip;]<\/p>\n","protected":false},"author":1,"featured_media":0,"parent":684,"menu_order":3,"comment_status":"open","ping_status":"closed","template":"","meta":{"footnotes":""},"class_list":["post-720","page","type-page","status-publish","hentry"],"_links":{"self":[{"href":"https:\/\/cesumakslasskola.lv\/index.php?rest_route=\/wp\/v2\/pages\/720","targetHints":{"allow":["GET"]}}],"collection":[{"href":"https:\/\/cesumakslasskola.lv\/index.php?rest_route=\/wp\/v2\/pages"}],"about":[{"href":"https:\/\/cesumakslasskola.lv\/index.php?rest_route=\/wp\/v2\/types\/page"}],"author":[{"embeddable":true,"href":"https:\/\/cesumakslasskola.lv\/index.php?rest_route=\/wp\/v2\/users\/1"}],"replies":[{"embeddable":true,"href":"https:\/\/cesumakslasskola.lv\/index.php?rest_route=%2Fwp%2Fv2%2Fcomments&post=720"}],"version-history":[{"count":24,"href":"https:\/\/cesumakslasskola.lv\/index.php?rest_route=\/wp\/v2\/pages\/720\/revisions"}],"predecessor-version":[{"id":8468,"href":"https:\/\/cesumakslasskola.lv\/index.php?rest_route=\/wp\/v2\/pages\/720\/revisions\/8468"}],"up":[{"embeddable":true,"href":"https:\/\/cesumakslasskola.lv\/index.php?rest_route=\/wp\/v2\/pages\/684"}],"wp:attachment":[{"href":"https:\/\/cesumakslasskola.lv\/index.php?rest_route=%2Fwp%2Fv2%2Fmedia&parent=720"}],"curies":[{"name":"wp","href":"https:\/\/api.w.org\/{rel}","templated":true}]}}